{"id":67,"date":"2025-05-05T11:50:02","date_gmt":"2025-05-05T09:50:02","guid":{"rendered":"https:\/\/cabinet-orthodontie-chartres.fr\/?page_id=67"},"modified":"2025-05-05T11:54:05","modified_gmt":"2025-05-05T09:54:05","slug":"accueil","status":"publish","type":"page","link":"https:\/\/cabinet-orthodontie-chartres.fr\/?page_id=67","title":{"rendered":"Bienvenue au cabinet d\u2019Orthodontie"},"content":{"rendered":"\n<p>Le Docteur Olivier TRICART et son \u00e9quipe, sont heureux de vous accueillir dans le cabinet d\u2019orthodontie, place des Epars \u00e0 Chartres.<\/p>\n\n\n\n<p>Pour tout renseignement sur le fonctionnement du cabinet ou votre sant\u00e9 bucco-dentaire, vous pouvez profiter de notre site internet ou nous joindre directement par t\u00e9l\u00e9phone&nbsp;<strong>au 02 37 36 60 60<\/strong><\/p>\n\n\n\n<figure class=\"wp-block-image size-large\"><img fetchpriority=\"high\" decoding=\"async\" width=\"1024\" height=\"603\" src=\"https:\/\/cabinet-orthodontie-chartres.fr\/wp-content\/uploads\/2025\/05\/equipe-1024x603.jpg\" alt=\"\" class=\"wp-image-24\" srcset=\"https:\/\/cabinet-orthodontie-chartres.fr\/wp-content\/uploads\/2025\/05\/equipe-1024x603.jpg 1024w, https:\/\/cabinet-orthodontie-chartres.fr\/wp-content\/uploads\/2025\/05\/equipe-300x177.jpg 300w, https:\/\/cabinet-orthodontie-chartres.fr\/wp-content\/uploads\/2025\/05\/equipe-768x453.jpg 768w, https:\/\/cabinet-orthodontie-chartres.fr\/wp-content\/uploads\/2025\/05\/equipe.jpg 1500w\" sizes=\"(max-width: 1024px) 100vw, 1024px\" \/><\/figure>\n","protected":false},"excerpt":{"rendered":"<p>Le Docteur Olivier TRICART et son \u00e9quipe, sont heureux de vous accueillir dans le cabinet d\u2019orthodontie, place des Epars \u00e0 Chartres. Pour tout renseignement sur le fonctionnement du cabinet ou votre sant\u00e9 bucco-dentaire, vous pouvez profiter de notre site internet ou nous joindre directement par t\u00e9l\u00e9phone&nbsp;au 02 37 36 60 [&hellip;]<\/p>\n","protected":false},"author":1,"featured_media":0,"parent":0,"menu_order":0,"comment_status":"closed","ping_status":"closed","template":"","meta":{"_themeisle_gutenberg_block_has_review":false,"footnotes":""},"class_list":["post-67","page","type-page","status-publish","hentry"],"_links":{"self":[{"href":"https:\/\/cabinet-orthodontie-chartres.fr\/index.php?rest_route=\/wp\/v2\/pages\/67","targetHints":{"allow":["GET"]}}],"collection":[{"href":"https:\/\/cabinet-orthodontie-chartres.fr\/index.php?rest_route=\/wp\/v2\/pages"}],"about":[{"href":"https:\/\/cabinet-orthodontie-chartres.fr\/index.php?rest_route=\/wp\/v2\/types\/page"}],"author":[{"embeddable":true,"href":"https:\/\/cabinet-orthodontie-chartres.fr\/index.php?rest_route=\/wp\/v2\/users\/1"}],"replies":[{"embeddable":true,"href":"https:\/\/cabinet-orthodontie-chartres.fr\/index.php?rest_route=%2Fwp%2Fv2%2Fcomments&post=67"}],"version-history":[{"count":5,"href":"https:\/\/cabinet-orthodontie-chartres.fr\/index.php?rest_route=\/wp\/v2\/pages\/67\/revisions"}],"predecessor-version":[{"id":78,"href":"https:\/\/cabinet-orthodontie-chartres.fr\/index.php?rest_route=\/wp\/v2\/pages\/67\/revisions\/78"}],"wp:attachment":[{"href":"https:\/\/cabinet-orthodontie-chartres.fr\/index.php?rest_route=%2Fwp%2Fv2%2Fmedia&parent=67"}],"curies":[{"name":"wp","href":"https:\/\/api.w.org\/{rel}","templated":true}]}}